{"id":560,"date":"2024-02-29T07:52:57","date_gmt":"2024-02-29T07:52:57","guid":{"rendered":"https:\/\/feministnow.org\/newsite\/?post_type=project&#038;p=560"},"modified":"2024-06-20T05:17:06","modified_gmt":"2024-06-20T05:17:06","slug":"soeurs-pour-soeurs-tond-laa-taaba-sps-tlt","status":"publish","type":"project","link":"https:\/\/feministnow.org\/fr\/project\/soeurs-pour-soeurs-tond-laa-taaba-sps-tlt\/","title":{"rendered":"Soeurs pour Soeurs\/Tond Laa Taaba (SPS\/TLT)"},"content":{"rendered":"<p>L&#8217;association Soeurs pour Soeurs\/Tond Laa Taaba (SPS\/TLT) a \u00e9t\u00e9 fond\u00e9e par un groupe de personnes engag\u00e9es dans la recherche de la justice sociale, qui ont constat\u00e9 que les filles et les femmes souffrant de troubles mentaux n&#8217;\u00e9taient pas prises en compte par les associations et mouvements \u0153uvrant pour d\u00e9fendre les droits de l&#8217;homme en g\u00e9n\u00e9ral.<\/p>\n<p>Notre objectif principal est de contribuer \u00e0 l\u2019am\u00e9lioration des conditions de vie et de la dignit\u00e9 des filles et des femmes souffrant de maladie mentale. L&#8217;organisation se veut la voix de cette frange de la population qui vit en marge de la soci\u00e9t\u00e9 et qui subit de multiples formes de violence et de discrimination.<\/p>\n","protected":false},"featured_media":624,"parent":0,"menu_order":0,"template":"","region":[3,9],"class_list":["post-560","project","type-project","status-publish","has-post-thumbnail","hentry","region-africa","region-burkina-faso","entry"],"acf":[],"_links":{"self":[{"href":"https:\/\/feministnow.org\/fr\/wp-json\/wp\/v2\/project\/560","targetHints":{"allow":["GET"]}}],"collection":[{"href":"https:\/\/feministnow.org\/fr\/wp-json\/wp\/v2\/project"}],"about":[{"href":"https:\/\/feministnow.org\/fr\/wp-json\/wp\/v2\/types\/project"}],"wp:featuredmedia":[{"embeddable":true,"href":"https:\/\/feministnow.org\/fr\/wp-json\/wp\/v2\/media\/624"}],"wp:attachment":[{"href":"https:\/\/feministnow.org\/fr\/wp-json\/wp\/v2\/media?parent=560"}],"wp:term":[{"taxonomy":"region","embeddable":true,"href":"https:\/\/feministnow.org\/fr\/wp-json\/wp\/v2\/region?post=560"}],"curies":[{"name":"wp","href":"https:\/\/api.w.org\/{rel}","templated":true}]}}

<p>L&#8217;association Soeurs pour Soeurs/Tond Laa Taaba (SPS/TLT) a été fondée par un groupe de personnes engagées dans la recherche de la justice sociale, qui ont constaté que les filles et les femmes souffrant de troubles mentaux n&#8217;étaient pas prises en compte par les associations et mouvements œuvrant pour défendre les droits de l&#8217;homme en général.</p>
<p>Notre objectif principal est de contribuer à l’amélioration des conditions de vie et de la dignité des filles et des femmes souffrant de maladie mentale. L&#8217;organisation se veut la voix de cette frange de la population qui vit en marge de la société et qui subit de multiples formes de violence et de discrimination.</p>
